{"id":161,"date":"2016-05-02T21:32:31","date_gmt":"2016-05-02T19:32:31","guid":{"rendered":"http:\/\/www.css-ksplzen.cz\/?page_id=161"},"modified":"2026-01-29T15:23:45","modified_gmt":"2026-01-29T14:23:45","slug":"slozeni-vyboru-ks","status":"publish","type":"page","link":"https:\/\/www.css-ksplzen.cz\/?page_id=161","title":{"rendered":"Slo\u017een\u00ed v\u00fdboru KS"},"content":{"rendered":"\n<table style=\"border-collapse: collapse; width: 107.165%; height: 408px;\">\n<tbody>\n<tr style=\"height: 24px;\">\n<td style=\"width: 25.1404%; text-align: center; height: 24px;\"><strong>P\u0159edseda<\/strong><\/td>\n<td style=\"width: 27.58%; text-align: center; height: 24px;\"><strong>M\u00edstop\u0159edseda<\/strong><\/td>\n<td style=\"width: 27.9528%; text-align: center; height: 24px;\"><strong>Hospod\u00e1\u0159<\/strong><\/td>\n<\/tr>\n<tr style=\"height: 24px;\">\n<td style=\"width: 25.1404%; text-align: center; height: 24px;\">Jaroslav Havel<\/td>\n<td style=\"width: 27.58%; text-align: center; height: 24px;\">Jan Fidler<\/td>\n<td style=\"width: 27.9528%; text-align: center; height: 24px;\">Ing. Dagmar Bou\u0161ov\u00e1<\/td>\n<\/tr>\n<tr style=\"height: 24px;\">\n<td style=\"width: 25.1404%; text-align: center; height: 24px;\">haveljarda@atlas.cz<\/td>\n<td style=\"width: 27.58%; text-align: center; height: 24px;\">sskmp@telecom.cz<\/td>\n<td style=\"width: 27.9528%; text-align: center; height: 24px;\">dadabous@seznam.cz<\/td>\n<\/tr>\n<tr style=\"height: 24px;\">\n<td style=\"width: 25.1404%; text-align: center; height: 24px;\">tel. 603885020<\/td>\n<td style=\"width: 27.58%; text-align: center; height: 24px;\">tel.602464860<\/td>\n<td style=\"width: 27.9528%; text-align: center; height: 24px;\">tel. 739660530<\/td>\n<\/tr>\n<tr style=\"height: 24px;\">\n<td style=\"width: 25.1404%; text-align: center; height: 24px;\"><strong>Ml\u00e1de\u017e<\/strong><\/td>\n<td style=\"width: 27.58%; text-align: center; height: 24px;\"><strong>Rozhod\u010d\u00ed<\/strong><\/td>\n<td style=\"width: 27.9528%; height: 24px;\">\u00a0<\/td>\n<\/tr>\n<tr style=\"height: 24px;\">\n<td style=\"width: 25.1404%; text-align: center; height: 24px;\">Bed\u0159i\u0161ka Hykov\u00e1<\/td>\n<td style=\"width: 27.58%; text-align: center; height: 24px;\">Ing. Pavel Sv\u011btl\u00edk<\/td>\n<td style=\"width: 27.9528%; height: 24px;\">\u00a0<\/td>\n<\/tr>\n<tr style=\"height: 24px;\">\n<td style=\"width: 25.1404%; text-align: center; height: 24px;\">b.hykova@volny.cz<\/td>\n<td style=\"width: 27.58%; text-align: center; height: 24px;\">svetlikpavel@seznam.cz<\/td>\n<td style=\"width: 27.9528%; height: 24px;\">\u00a0<\/td>\n<\/tr>\n<tr style=\"height: 24px;\">\n<td style=\"width: 25.1404%; text-align: center; height: 24px;\">tel. 603790958<\/td>\n<td style=\"width: 27.58%; text-align: center; height: 24px;\">tel.728564771<\/td>\n<td style=\"width: 27.9528%; height: 24px;\">\u00a0<\/td>\n<\/tr>\n<tr style=\"height: 24px;\">\n<td style=\"width: 25.1404%; height: 24px; text-align: center;\"><strong>\u010clenov\u00e9<\/strong><\/td>\n<td style=\"width: 27.58%; height: 24px; text-align: center;\">\u00a0<\/td>\n<td style=\"width: 27.9528%; height: 24px; text-align: center;\">\u00a0<\/td>\n<\/tr>\n<tr style=\"height: 24px;\">\n<td style=\"width: 25.1404%; height: 24px; text-align: center;\">Jind\u0159ich Pavl\u00ed\u010dek<\/td>\n<td style=\"width: 27.58%; height: 24px; text-align: center;\">Josef Fiala<\/td>\n<td style=\"width: 27.9528%; height: 24px; text-align: center;\">Ing. Karel Kr\u016fs<\/td>\n<\/tr>\n<tr style=\"height: 24px;\">\n<td style=\"width: 25.1404%; height: 24px; text-align: center;\">pav.sport@seznam.cz<\/td>\n<td style=\"width: 27.58%; height: 24px; text-align: center;\">joseffiala80@seznam.cz<\/td>\n<td style=\"width: 27.9528%; height: 24px; text-align: center;\">\u00a0<\/td>\n<\/tr>\n<tr style=\"height: 24px;\">\n<td style=\"width: 25.1404%; height: 24px; text-align: center;\">tel. 602224960<\/td>\n<td style=\"width: 27.58%; height: 24px; text-align: center;\">tel. 605865887<\/td>\n<td style=\"width: 27.9528%; height: 24px; text-align: center;\">tel. 737132207<\/td>\n<\/tr>\n<tr style=\"height: 24px;\">\n<td style=\"width: 25.1404%; height: 24px; text-align: center;\">Ji\u0159\u00ed Hauer<\/td>\n<td style=\"width: 27.58%; height: 24px; text-align: center;\">Mgr. Vlastislav Fiala<\/td>\n<td style=\"width: 27.9528%; height: 24px; text-align: center;\">\u00a0<\/td>\n<\/tr>\n<tr style=\"height: 24px;\">\n<td style=\"width: 25.1404%; height: 24px; text-align: center;\">george.hauer@seznam.cz<\/td>\n<td style=\"width: 27.58%; height: 24px; text-align: center;\">VlastislavFiala@seznam.cz<\/td>\n<td style=\"width: 27.9528%; height: 24px; text-align: center;\">\u00a0<\/td>\n<\/tr>\n<tr style=\"height: 24px;\">\n<td style=\"width: 25.1404%; text-align: center; height: 24px;\">tel. 722731427<\/td>\n<td style=\"width: 27.58%; text-align: center; height: 24px;\">tel. 606655433<\/td>\n<td style=\"width: 27.9528%; text-align: center; height: 24px;\">\u00a0<\/td>\n<\/tr>\n<tr style=\"height: 24px;\">\n<td style=\"width: 25.1404%; height: 24px; text-align: center;\"><strong>Kontroln\u00ed komise :<\/strong><\/td>\n<td style=\"width: 27.58%; height: 24px;\">\u00a0<\/td>\n<td style=\"width: 27.9528%; height: 24px;\">\u00a0<\/td>\n<\/tr>\n<tr>\n<td style=\"width: 25.1404%; text-align: center;\">Pavl\u00edna \u0160etl\u00edkov\u00e1<\/td>\n<td style=\"width: 27.58%;\">\u00a0<\/td>\n<td style=\"width: 27.9528%;\">\u00a0<\/td>\n<\/tr>\n<tr>\n<td style=\"width: 25.1404%; text-align: center;\">tel. 775045666<\/td>\n<td style=\"width: 27.58%;\">\u00a0<\/td>\n<td style=\"width: 27.9528%;\">\u00a0<\/td>\n<\/tr>\n<tr>\n<td style=\"width: 25.1404%; text-align: center;\">\u00a0<\/td>\n<td style=\"width: 27.58%;\">\u00a0<\/td>\n<td style=\"width: 27.9528%;\">\u00a0<\/td>\n<\/tr>\n<\/tbody>\n<\/table>\n","protected":false},"excerpt":{"rendered":"<p>P\u0159edseda M\u00edstop\u0159edseda Hospod\u00e1\u0159 Jaroslav Havel Jan Fidler Ing. Dagmar Bou\u0161ov\u00e1 haveljarda@atlas.cz sskmp@telecom.cz dadabous@seznam.cz tel. 603885020 tel.602464860 tel. 739660530 Ml\u00e1de\u017e Rozhod\u010d\u00ed \u00a0 Bed\u0159i\u0161ka Hykov\u00e1 Ing. Pavel Sv\u011btl\u00edk \u00a0 b.hykova@volny.cz svetlikpavel@seznam.cz \u00a0 tel. 603790958 tel.728564771 \u00a0 \u010clenov\u00e9 \u00a0 \u00a0 Jind\u0159ich Pavl\u00ed\u010dek Josef &hellip; <a href=\"https:\/\/www.css-ksplzen.cz\/?page_id=161\">Cel\u00fd p\u0159\u00edsp\u011bvek <span class=\"meta-nav\">&rarr;<\/span><\/a><\/p>\n","protected":false},"author":1,"featured_media":0,"parent":0,"menu_order":0,"comment_status":"closed","ping_status":"closed","template":"","meta":{"footnotes":""},"class_list":["post-161","page","type-page","status-publish","hentry"],"_links":{"self":[{"href":"https:\/\/www.css-ksplzen.cz\/index.php?rest_route=\/wp\/v2\/pages\/161","targetHints":{"allow":["GET"]}}],"collection":[{"href":"https:\/\/www.css-ksplzen.cz\/index.php?rest_route=\/wp\/v2\/pages"}],"about":[{"href":"https:\/\/www.css-ksplzen.cz\/index.php?rest_route=\/wp\/v2\/types\/page"}],"author":[{"embeddable":true,"href":"https:\/\/www.css-ksplzen.cz\/index.php?rest_route=\/wp\/v2\/users\/1"}],"replies":[{"embeddable":true,"href":"https:\/\/www.css-ksplzen.cz\/index.php?rest_route=%2Fwp%2Fv2%2Fcomments&post=161"}],"version-history":[{"count":194,"href":"https:\/\/www.css-ksplzen.cz\/index.php?rest_route=\/wp\/v2\/pages\/161\/revisions"}],"predecessor-version":[{"id":3698,"href":"https:\/\/www.css-ksplzen.cz\/index.php?rest_route=\/wp\/v2\/pages\/161\/revisions\/3698"}],"wp:attachment":[{"href":"https:\/\/www.css-ksplzen.cz\/index.php?rest_route=%2Fwp%2Fv2%2Fmedia&parent=161"}],"curies":[{"name":"wp","href":"https:\/\/api.w.org\/{rel}","templated":true}]}}